{"id":11502,"date":"2019-03-21T15:20:48","date_gmt":"2019-03-21T20:20:48","guid":{"rendered":"https:\/\/iesanfranciscodesales.edu.co\/web\/?page_id=11502"},"modified":"2021-05-03T11:03:55","modified_gmt":"2021-05-03T16:03:55","slug":"nuestro-colegio","status":"publish","type":"page","link":"https:\/\/iesanfranciscodesales.edu.co\/web\/nuestro-colegio\/","title":{"rendered":"NUESTRA INSTITUCI\u00d3N"},"content":{"rendered":"<div class=\"wpb-content-wrapper\"><p>[vc_row][vc_column]<div class=\"thim-widget-heading template-base\"><div class=\"sc_heading  text-center\"><h3 style=\"font-size:35px;font-weight:600;\" class=\"title\">Informaci\u00f3n <strong>Institucional<\/strong><\/h3><\/div><\/div>[\/vc_column][\/vc_row][vc_row css=&#8221;.vc_custom_1559531433775{margin-bottom: 15px !important;}&#8221;][vc_column width=&#8221;5\/12&#8243; css=&#8221;.vc_custom_1553219212365{margin-bottom: 30px !important;}&#8221;][vc_column_text]<\/p>\n<h2>MISI\u00d3N<\/h2>\n<p style=\"text-align: justify;\">La Instituci\u00f3n Educativa San Francisco de Sales, ofrece un servicio educativo con altos est\u00e1ndares de calidad, emanados por los diferentes organismos e instituciones del estado, que regulan la prestaci\u00f3n de este servicio a la ni\u00f1ez y la juventud; fundamentados en los pilares de nuestro santo patrono, \u201camabilidad y la exigencia\u201d que contribuyen al desarrollo de las dimensiones del SER, SABER, HACER y poder participar en la construcci\u00f3n de la formaci\u00f3n de una persona aut\u00f3noma, competente, capaz de generar transformaci\u00f3n social.<\/p>\n<p>[\/vc_column_text][\/vc_column][vc_column width=&#8221;7\/12&#8243; css=&#8221;.vc_custom_1553219224890{margin-bottom: 30px !important;}&#8221;][vc_column_text]<\/p>\n<h2>VISI\u00d3N<\/h2>\n<p style=\"text-align: justify;\">En el a\u00f1o 2024 nuestro proyecto educativo alcanzar\u00e1 el reconocimiento en todos y cada uno de sus niveles educativos, situ\u00e1ndonos como una instituci\u00f3n de alta calidad, destac\u00e1ndose en la ciencia, la cultura, el deporte, el medio ambiente, la diversidad t\u00e9cnica y en la formaci\u00f3n de ni\u00f1os, ni\u00f1as y j\u00f3venes con calidad humana, que honren nuestro lema: amabilidad y exigencia competentes para afrontar los retos que la vida demanda.<\/p>\n<p>[\/vc_column_text][\/vc_column][\/vc_row][vc_row][vc_column][vc_tta_tabs][vc_tta_section title=&#8221;PRINCIPIOS Y VALORES&#8221; tab_id=&#8221;1553201553639-a4a157b2-0618&#8243;][vc_column_text]Nuestra presencia educativa, Desalistas se caracteriza porque:<\/p>\n<p style=\"text-align: justify;\">1. Afirmamos que la <strong>AMABILIDAD<\/strong> es la actitud de acogida afectuosa a los dem\u00e1s, trat\u00e1ndolos con la dignidad que cada uno se merece como hijo de Dios, sin distinci\u00f3n alguna porque \u201ctoda persona es \u00fanica e irrepetible\u201d SFS.<br \/>\n2. Creemos que el <strong>RESPETO<\/strong> es una actitud permanente que nos lleva a reconocer las virtudes y a aceptar las diferencias del otro, velando por su dignidad como hijo de Dios, asumiendo la actitud del buen samaritano del evangelio que permite superar asperezas, malos entendidos y cultivar el perd\u00f3n; ayud\u00e1ndonos a vivir en paz y armon\u00eda con nosotros mismos, nuestros semejantes y el medio ambiente.<br \/>\n3. Creemos que la <strong>RESPONSABILIDAD<\/strong> es la forma de asumir y responder libremente por convicci\u00f3n a su rol como hijo, estudiante, profesional, padre, madre y ciudadano, alcanzando la armon\u00eda entre lo personal, social y ecol\u00f3gico.<br \/>\n4. Afirmamos que la <strong>JUSTICIA<\/strong> es dar a cada ser humano lo que le corresponde, siendo \u00edntegro y reconociendo la esencia de cada persona, evitando los prejuicios e intereses individuales para mejorar las relaciones con los dem\u00e1s.<br \/>\n5. Creemos que la <strong>SOLIDARIDAD<\/strong> es una actitud consciente \u201cpara hacer felices a los dem\u00e1s\u201d Madre Aviat, que asume como propia la necesidad del otro, dignifica a la persona y brinda desinteresadamente apoyo espiritual, moral y material.<\/p>\n<p>[\/vc_column_text][\/vc_tta_section][vc_tta_section title=&#8221;POL\u00cdTICA DE CALIDAD&#8221; tab_id=&#8221;1553202116208-8d028f78-28a5&#8243;][vc_column_text]<\/p>\n<p style=\"text-align: justify;\">El prop\u00f3sito del Proyecto Educativo Desalista se hace concreto, liderando una gesti\u00f3n por procesos que evidencian la pertinencia del curr\u00edculo, el ambiente de familia, el sentido de justicia social, el compromiso ecol\u00f3gico, la idoneidad del personal, la adecuada infraestructura, de conformidad con el marco legal vigente, para satisfacer las necesidades y expectativas de la Comunidad Educativa, garantizando el cumplimiento de nuestra misi\u00f3n, que permita el mejoramiento continuo de la instituci\u00f3n.<\/p>\n<p>[\/vc_column_text][\/vc_tta_section][vc_tta_section title=&#8221;OBJETIVOS DE CALIDAD&#8221; tab_id=&#8221;1553203450656-a52e943b-1e54&#8243;][vc_column_text]1. Desarrollar una educaci\u00f3n en el Ser, en el Hacer, en el Saber hacer y en el Convivir, sustentada en los principios de la amabilidad y exigencia.<br \/>\n2. Fortalecer el desarrollo de las competencias de las personas que integran la comunidad educativa, para garantizar la calidad en el servicio.<br \/>\n3. Garantizar la prestaci\u00f3n del servicio educativo con calidad, uso eficiente y eficaz de los recursos, satisfaciendo las necesidades y expectativas de la Comunidad Educativa.<br \/>\n4. Promover la cultura de calidad y de mejoramiento continuo con la implementaci\u00f3n adecuada del Sistema de Gesti\u00f3n de Calidad (S.G.C.), bajo la\u00a0NTC ISO 9001-2015 NT-GP 1000-2009[\/vc_column_text][\/vc_tta_section][\/vc_tta_tabs][\/vc_column][\/vc_row][vc_row css=&#8221;.vc_custom_1560542530919{border-bottom-width: 30px !important;padding-bottom: 30px !important;}&#8221;][vc_column]<div class=\"thim-widget-heading template-base\"><div class=\"sc_heading  text-center\"><h3 class=\"title\">S\u00cdMBOLOS INSTITUCIONALES<\/h3><\/div><\/div>[\/vc_column][\/vc_row][vc_row][vc_column width=&#8221;1\/2&#8243;][vc_single_image image=&#8221;11695&#8243; img_size=&#8221;medium&#8221; alignment=&#8221;center&#8221; css=&#8221;.vc_custom_1560547782499{border-bottom-width: 30px !important;}&#8221;][vc_column_text css=&#8221;.vc_custom_1560547809487{border-bottom-width: 10px !important;}&#8221;]<\/p>\n<h3 class=\"thim-text-title\" style=\"text-align: center;\">ESCUDO<\/h3>\n<p>[\/vc_column_text][\/vc_column][vc_column width=&#8221;1\/2&#8243;][vc_column_text css=&#8221;.vc_custom_1560547838715{border-bottom-width: 10px !important;}&#8221;]<\/p>\n<h3 class=\"thim-text-title\" style=\"text-align: center;\">PATRONO<\/h3>\n<p>[\/vc_column_text][vc_single_image image=&#8221;11696&#8243; img_size=&#8221;medium&#8221; alignment=&#8221;center&#8221; css=&#8221;.vc_custom_1560547863680{border-bottom-width: 30px !important;}&#8221;][\/vc_column][\/vc_row][vc_row full_width=&#8221;stretch_row_content_no_spaces&#8221; css=&#8221;.vc_custom_1560543304833{background-color: #d8a4ca !important;}&#8221;][vc_column][vc_row_inner][vc_column_inner]<div class=\"thim-widget-heading template-base\"><div class=\"sc_heading  text-center\"><h3 class=\"title\"><strong>Himno<\/strong> Institucional<\/h3><span class=\"line\"><\/span><\/div><\/div>[vc_column_text]<\/p>\n<audio class=\"wp-audio-shortcode\" id=\"audio-11502-1\" preload=\"none\" style=\"width: 100%;\" controls=\"controls\"><source type=\"audio\/mpeg\" src=\"https:\/\/iesanfranciscodesales.edu.co\/web\/wp-content\/uploads\/2020\/02\/04.-HIMNO-SAN-FRANCISCO-DE-SALES-master.mp3?_=1\" \/><a href=\"https:\/\/iesanfranciscodesales.edu.co\/web\/wp-content\/uploads\/2020\/02\/04.-HIMNO-SAN-FRANCISCO-DE-SALES-master.mp3\">https:\/\/iesanfranciscodesales.edu.co\/web\/wp-content\/uploads\/2020\/02\/04.-HIMNO-SAN-FRANCISCO-DE-SALES-master.mp3<\/a><\/audio>\n<p>[\/vc_column_text][\/vc_column_inner][\/vc_row_inner][vc_row_inner][vc_column_inner width=&#8221;1\/3&#8243;]<div class=\"thim-widget-heading template-base\"><div class=\"sc_heading  text-center\"><h3 class=\"title\">CORO<\/h3><span class=\"line\"><\/span><\/div><\/div>[vc_column_text]<\/p>\n<div style=\"text-align: center;\">MUCHOS RETOS NOS ESPERAN<br \/>\nCON LA GUIA DE SAN FRANCISCO<br \/>\nTRIUNFAREMOS POR DOQUIER.<\/div>\n<div style=\"text-align: center;\"><\/div>\n<p>[\/vc_column_text]<div class=\"thim-widget-heading template-base\"><div class=\"sc_heading  text-center\"><h3 class=\"title\">III<\/h3><span class=\"line\"><\/span><\/div><\/div>[vc_column_text]<\/p>\n<div style=\"text-align: center;\">\n<p>NUESTRA VOZ HOY CANTA UN HIMNO<br \/>\nDE VIBRANTES ARMONIAS<br \/>\nSEMBRAREMOS NUESTROS TRIUNFOS<br \/>\nCON FRANCISCO NUESTRO GUIA<\/div>\n<p>[\/vc_column_text][\/vc_column_inner][vc_column_inner width=&#8221;1\/3&#8243;]<div class=\"thim-widget-heading template-base\"><div class=\"sc_heading  text-center\"><h3 class=\"title\">I<\/h3><span class=\"line\"><\/span><\/div><\/div>[vc_column_text]<\/p>\n<div style=\"text-align: center;\">RECORDANDO NUESTRO LEMA<br \/>\nAMABILIDAD, EXIGENCIA<br \/>\nJUNTOS COMO UNA FAMILIA<br \/>\nLOGRAREMOS NUESTRAS METAS<\/div>\n<p>[\/vc_column_text]<div class=\"thim-widget-heading template-base\"><div class=\"sc_heading  text-center\"><h3 class=\"title\">IV<\/h3><span class=\"line\"><\/span><\/div><\/div>[vc_column_text]<\/p>\n<div style=\"text-align: center;\">JUVENTUDES DE SALISTAS<br \/>\nLLENAS DE AMOR Y ALEGRIA<br \/>\nCON BANDERAS VICTORIOSAS<br \/>\nPREGONEMOS SU GRANDEZA<\/div>\n<p>[\/vc_column_text][\/vc_column_inner][vc_column_inner width=&#8221;1\/3&#8243;]<div class=\"thim-widget-heading template-base\"><div class=\"sc_heading  text-center\"><h3 class=\"title\">II<\/h3><span class=\"line\"><\/span><\/div><\/div>[vc_column_text]<\/p>\n<div style=\"text-align: center;\">\n<p>NUESTRA\u00a0 HISTORIA\u00a0 ASI\u00a0 NOS\u00a0 DICE<br \/>\nQUE SEREMOS LOS MEJORES<br \/>\nACADEMIA, ARTE\u00a0 Y\u00a0 CULTURA<br \/>\nPUES EL MUNDO ASI LO QUIERE<\/div>\n<p>[\/vc_column_text][\/vc_column_inner][\/vc_row_inner][vc_video link=&#8221;https:\/\/youtu.be\/DFUab-vkUC8&#8243; el_width=&#8221;50&#8243; align=&#8221;center&#8221;][\/vc_column][\/vc_row]<\/p>\n<\/div>","protected":false},"excerpt":{"rendered":"<p>[vc_row][vc_column][\/vc_column][\/vc_row][vc_row css=&#8221;.vc_custom_1559531433775{margin-bottom: 15px !important;}&#8221;][vc_column width=&#8221;5\/12&#8243; css=&#8221;.vc_custom_1553219212365{margin-bottom: 30px !important;}&#8221;][vc_column_text] MISI\u00d3N La Instituci\u00f3n Educativa San Francisco de Sales, ofrece un servicio educativo con altos est\u00e1ndares de calidad, emanados por los diferentes organismos e instituciones del estado, que regulan la prestaci\u00f3n de este &hellip; <\/p>\n","protected":false},"author":1,"featured_media":0,"parent":0,"menu_order":0,"comment_status":"closed","ping_status":"closed","template":"","meta":{"footnotes":""},"class_list":["post-11502","page","type-page","status-publish","hentry"],"_links":{"self":[{"href":"https:\/\/iesanfranciscodesales.edu.co\/web\/wp-json\/wp\/v2\/pages\/11502","targetHints":{"allow":["GET"]}}],"collection":[{"href":"https:\/\/iesanfranciscodesales.edu.co\/web\/wp-json\/wp\/v2\/pages"}],"about":[{"href":"https:\/\/iesanfranciscodesales.edu.co\/web\/wp-json\/wp\/v2\/types\/page"}],"author":[{"embeddable":true,"href":"https:\/\/iesanfranciscodesales.edu.co\/web\/wp-json\/wp\/v2\/users\/1"}],"replies":[{"embeddable":true,"href":"https:\/\/iesanfranciscodesales.edu.co\/web\/wp-json\/wp\/v2\/comments?post=11502"}],"version-history":[{"count":29,"href":"https:\/\/iesanfranciscodesales.edu.co\/web\/wp-json\/wp\/v2\/pages\/11502\/revisions"}],"predecessor-version":[{"id":12118,"href":"https:\/\/iesanfranciscodesales.edu.co\/web\/wp-json\/wp\/v2\/pages\/11502\/revisions\/12118"}],"wp:attachment":[{"href":"https:\/\/iesanfranciscodesales.edu.co\/web\/wp-json\/wp\/v2\/media?parent=11502"}],"curies":[{"name":"wp","href":"https:\/\/api.w.org\/{rel}","templated":true}]}}